{"id":575,"date":"2014-05-30T08:42:12","date_gmt":"2014-05-30T08:42:12","guid":{"rendered":""},"modified":"2022-07-21T17:23:54","modified_gmt":"2022-07-21T17:23:54","slug":"frontpage","status":"publish","type":"page","link":"https:\/\/kochklasse-kaiserslautern.de\/","title":{"rendered":"Home Page"},"content":{"rendered":"\t<div class=\"pixcode  pixcode--grid  grid\" >\n\t\t\t<div class=\"island grid__item six-twelfths palm-one-whole\" >\n\t\t\n<p style=\"text-align: center;\"><hgroup class=\"pixcode  pixcode--heading article__headline\">\n\t<h2 class=\"headline__secondary\"><span class=\"first-letter\">E<\/span>ntdecken Sie<\/h2>\n\t<h1 class=\"headline__primary\">Unsere VHS-Kochschule<\/h1>\n<\/hgroup>\n<p style=\"text-align: center;\"><div class=\"pixcode  pixcode--separator  separator separator--flower separator_color--color\">&#10043;<\/div>\n\n<p>Die K\u00fcche war schon immer der sch\u00f6nste Platz im Haus: Hier wartet k\u00f6stliches Essen, man trifft sich zu einem Glas Wein, redet und tratscht miteinander. Am besten ist es nat\u00fcrlich, wenn man gemeinsam kocht. So ist es auch kein Wunder, dass Kochen, Essen und Genie\u00dfen zu den liebsten Freizeitbesch\u00e4ftigungen z\u00e4hlen \u2013 und das weltweit. Entdecken Sie unsere moderne, erstklassig ausgestattete VHS-Kochschule.<\/p>\n<p style=\"text-align: center;\"><a href=\"https:\/\/kochklasse-kaiserslautern.de\/?page_id=328\">zur K\u00fcchenkultur<\/a><\/p>\n<p><strong>Kontakt f\u00fcr Anfragen:<\/strong><br \/>\nSusanne Zens<br \/>\nTelefon 0631 36258-13<br \/>\nsusanne.zens@vhs-kaiserslautern.de<\/p>\n\t<\/div>\n\t<div class=\"grid__item six-twelfths palm-one-whole\" >\n\t\t\n<div id='gallery-1' class='gallery galleryid-575 gallery-columns-1 gallery-size-full'><figure class='gallery-item'>\n\t\t\t<div class='gallery-icon landscape'>\n\t\t\t\t<img width=\"679\" height=\"651\" src=\"https:\/\/kochklasse-kaiserslautern.de\/wp-content\/uploads\/2020\/04\/kochklassenteam.png\" class=\"attachment-full size-full\" alt=\"\" decoding=\"async\" loading=\"lazy\" srcset=\"https:\/\/kochklasse-kaiserslautern.de\/wp-content\/uploads\/2020\/04\/kochklassenteam.png 679w, https:\/\/kochklasse-kaiserslautern.de\/wp-content\/uploads\/2020\/04\/kochklassenteam-300x288.png 300w, https:\/\/kochklasse-kaiserslautern.de\/wp-content\/uploads\/2020\/04\/kochklassenteam-400x384.png 400w\" sizes=\"(max-width: 679px) 100vw, 679px\" \/>\n\t\t\t<\/div><\/figure>\n\t\t<\/div>\n\n&nbsp;<br \/>\nKoch Klasse!<br \/>\nDie Kochschule der Volkshochschule<br \/>\nKaiserslautern e.V.<br \/>\n67655 Kaiserslautern<br \/>\nKanalstra\u00dfe 3<br \/>\nTelefon 0631 36258-13<br \/>\nwww.vhs-kaiserslautern.de<\/p>\n<p><a href=\"https:\/\/kochklasse-kaiserslautern.de\/?page_id=332\">direkt zu den aktuellen Kursangeboten<\/a><\/p>\n<p>&nbsp;<\/p>\n\t<\/div>\n\t<\/div>\n\n<p>&nbsp;<\/p>\n\t<div class=\"pixcode  pixcode--grid  grid\" >\n\t\t\t<div class=\"grid__item six-twelfths palm-one-whole\" >\n\t\t\n<div id='gallery-2' class='gallery galleryid-575 gallery-columns-1 gallery-size-full'><figure class='gallery-item'>\n\t\t\t<div class='gallery-icon landscape'>\n\t\t\t\t<a data-title=\"Catering at business company event people choosing buffet food appetizers\" data-alt=\"\" href='https:\/\/kochklasse-kaiserslautern.de\/wp-content\/uploads\/2020\/04\/startseite-esskultur.jpg'><img width=\"750\" height=\"499\" src=\"https:\/\/kochklasse-kaiserslautern.de\/wp-content\/uploads\/2020\/04\/startseite-esskultur.jpg\" class=\"attachment-full size-full\" alt=\"\" decoding=\"async\" loading=\"lazy\" srcset=\"https:\/\/kochklasse-kaiserslautern.de\/wp-content\/uploads\/2020\/04\/startseite-esskultur.jpg 750w, https:\/\/kochklasse-kaiserslautern.de\/wp-content\/uploads\/2020\/04\/startseite-esskultur-300x200.jpg 300w, https:\/\/kochklasse-kaiserslautern.de\/wp-content\/uploads\/2020\/04\/startseite-esskultur-400x266.jpg 400w\" sizes=\"(max-width: 750px) 100vw, 750px\" \/><\/a>\n\t\t\t<\/div><\/figure>\n\t\t<\/div>\n\n\t<\/div>\n\t<div class=\"island grid__item six-twelfths palm-one-whole\" >\n\t\t\n<hgroup class=\"pixcode  pixcode--heading article__headline\">\n\t<h2 class=\"headline__secondary\"><span class=\"first-letter\">E<\/span>rleben Sie<\/h2>\n\t<h1 class=\"headline__primary\">Esskultur<\/h1>\n<\/hgroup>\n<div class=\"pixcode  pixcode--separator  separator separator--flower separator_color--dark\">&#10043;<\/div>\n\n<p>Wir laden Sie ein, unter Anleitung unserer erfahrenen Dozenten und in lockerer Atmosph\u00e4re vielf\u00e4ltige kulinarische Kreationen gemeinsam mit anderen zuzubereiten und zu genie\u00dfen. Ganz nach unserem Motto: Koch Klasse!<\/p>\n<p style=\"text-align: center;\"><a href=\"https:\/\/kochklasse-kaiserslautern.de\/?page_id=802\">zur Esskultur<\/a><\/p>\n<p>&nbsp;<\/p>\n\t<\/div>\n\t<\/div>\n\n<p>&nbsp;<\/p>\n\t<div class=\"pixcode  pixcode--grid  grid\" >\n\t\t\t<div class=\"island grid__item six-twelfths palm-one-whole\" >\n\t\t\n<p style=\"text-align: center;\"><hgroup class=\"pixcode  pixcode--heading article__headline\">\n\t<h2 class=\"headline__secondary\"><span class=\"first-letter\">V<\/span>ielf\u00e4ltige<\/h2>\n\t<h1 class=\"headline__primary\">Trinkkultur<\/h1>\n<\/hgroup>\n<p style=\"text-align: center;\"><div class=\"pixcode  pixcode--separator  separator separator--flower separator_color--color\">&#10043;<\/div>\n\n<p>Beim unseren Trinkultur-Seminaren und -Workshops f\u00fcr Genie\u00dfer entdecken Sie die Welt der Aromen und die Vielfalt der Geschmacksstile. Sie lernen die Grundlagen der Verkostung kennen und erfahren mehr zu den Produkten und Anbaugebieten. Anhand einer hochwertigen Auswahl an typischen Weinen und Kaffees testen Sie Ihre Sensorik und entdecken, welche Aromen die unterschiedlichen Produkte ausmachen.<\/p>\n<p style=\"text-align: center;\"><a href=\"https:\/\/kochklasse-kaiserslautern.de\/?page_id=808\">zur Trinkkultur<\/a><\/p>\n\t<\/div>\n\t<div class=\"grid__item six-twelfths palm-one-whole\" >\n\t\t\n<div id='gallery-3' class='gallery galleryid-575 gallery-columns-1 gallery-size-full'><figure class='gallery-item'>\n\t\t\t<div class='gallery-icon landscape'>\n\t\t\t\t<img width=\"500\" height=\"333\" src=\"https:\/\/kochklasse-kaiserslautern.de\/wp-content\/uploads\/2020\/04\/trinkkultura.jpg\" class=\"attachment-full size-full\" alt=\"\" decoding=\"async\" loading=\"lazy\" srcset=\"https:\/\/kochklasse-kaiserslautern.de\/wp-content\/uploads\/2020\/04\/trinkkultura.jpg 500w, https:\/\/kochklasse-kaiserslautern.de\/wp-content\/uploads\/2020\/04\/trinkkultura-300x200.jpg 300w, https:\/\/kochklasse-kaiserslautern.de\/wp-content\/uploads\/2020\/04\/trinkkultura-400x266.jpg 400w\" sizes=\"(max-width: 500px) 100vw, 500px\" \/>\n\t\t\t<\/div><\/figure>\n\t\t<\/div>\n\n\t<\/div>\n\t<\/div>\n\t<div class=\"pixcode  pixcode--grid  grid\" >\n\t\t\t<div class=\"grid__item six-twelfths palm-one-whole\" >\n\t\t\n<div id='gallery-4' class='gallery galleryid-575 gallery-columns-1 gallery-size-full'><figure class='gallery-item'>\n\t\t\t<div class='gallery-icon landscape'>\n\t\t\t\t<a data-title=\"startseite-eventkultur\" data-alt=\"\" href='https:\/\/kochklasse-kaiserslautern.de\/wp-content\/uploads\/2020\/04\/startseite-eventkultur.jpg'><img width=\"750\" height=\"500\" src=\"https:\/\/kochklasse-kaiserslautern.de\/wp-content\/uploads\/2020\/04\/startseite-eventkultur.jpg\" class=\"attachment-full size-full\" alt=\"\" decoding=\"async\" loading=\"lazy\" srcset=\"https:\/\/kochklasse-kaiserslautern.de\/wp-content\/uploads\/2020\/04\/startseite-eventkultur.jpg 750w, https:\/\/kochklasse-kaiserslautern.de\/wp-content\/uploads\/2020\/04\/startseite-eventkultur-300x200.jpg 300w, https:\/\/kochklasse-kaiserslautern.de\/wp-content\/uploads\/2020\/04\/startseite-eventkultur-400x267.jpg 400w\" sizes=\"(max-width: 750px) 100vw, 750px\" \/><\/a>\n\t\t\t<\/div><\/figure>\n\t\t<\/div>\n\n\t<\/div>\n\t<div class=\"island grid__item six-twelfths palm-one-whole\" >\n\t\t\n<hgroup class=\"pixcode  pixcode--heading article__headline\">\n\t<h2 class=\"headline__secondary\"><span class=\"first-letter\">T<\/span>rends &amp; Events<\/h2>\n\t<h1 class=\"headline__primary\">Eventkultur<\/h1>\n<\/hgroup>\n<div class=\"pixcode  pixcode--separator  separator separator--flower separator_color--dark\">&#10043;<\/div>\n\n<p>Gemeinsam kochen und essen ist Trend und wird immer mehr zum Gruppen- oder Firmenevent. Es gibt in unserer VHS-Kochschule noch zahlreiche weitere Veranstaltungen rund um das Kochen, zum Beispiel Frontcooking, Kochlesungen und \u201eK\u00fcchenschlachten, um nur einige zu nennen. In unserem VHS Garten laden wir au\u00dferdem im Winter und im Sommer zu thematischen Grillevents ein.<\/p>\n<p style=\"text-align: center;\"><a href=\"https:\/\/kochklasse-kaiserslautern.de\/?page_id=804\">zur Eventkultur<\/a><\/p>\n\t<\/div>\n\n\t<\/div>\n\n<p>&nbsp;<\/p>\n\t<div class=\"pixcode  pixcode--grid  grid\" >\n\t\t\t<div class=\"island grid__item six-twelfths palm-one-whole\" >\n\t\t\n<p style=\"text-align: center;\"><hgroup class=\"pixcode  pixcode--heading article__headline\">\n\t<h2 class=\"headline__secondary\"><span class=\"first-letter\">H<\/span>ome-Cooking<\/h2>\n\t<h1 class=\"headline__primary\">Online-Kurse<\/h1>\n<\/hgroup>\n<p style=\"text-align: center;\"><div class=\"pixcode  pixcode--separator  separator separator--flower separator_color--color\">&#10043;<\/div>\n\n<p>Der Weg zu uns ist Ihnen zu weit? Sie haben keine Zeit? Oder Sie w\u00fcrden lieber zu Hause mit der Familie oder Freunden neue Kocherfahrungen sammeln?<\/p>\n<p>Dann sind unsere Online &#8211; Kochkurse f\u00fcr Sie das Ideale. Wir \u00fcbertragen ausgew\u00e4hlte Kochkurse per Livestream in Ihre heimische K\u00fcche. Sie erhalten eine Einkaufsliste und Zubereitungshinweise. Sie k\u00f6nnen in Ruhe alles vorbereiten und folgen dann den Anweisungen unserer erfahrenen Dozentinnen und Dozenten.<\/p>\n<p style=\"text-align: center;\"><a href=\"https:\/\/kochklasse-kaiserslautern.de\/?page_id=1013\">zu den Online-Kursen<\/a><\/p>\n\t<\/div>\n\t<div class=\"grid__item six-twelfths palm-one-whole\" >\n\t\t\n<div id='gallery-5' class='gallery galleryid-575 gallery-columns-1 gallery-size-full'><figure class='gallery-item'>\n\t\t\t<div class='gallery-icon landscape'>\n\t\t\t\t<img width=\"500\" height=\"333\" src=\"https:\/\/kochklasse-kaiserslautern.de\/wp-content\/uploads\/2020\/05\/online1.jpg\" class=\"attachment-full size-full\" alt=\"\" decoding=\"async\" loading=\"lazy\" srcset=\"https:\/\/kochklasse-kaiserslautern.de\/wp-content\/uploads\/2020\/05\/online1.jpg 500w, https:\/\/kochklasse-kaiserslautern.de\/wp-content\/uploads\/2020\/05\/online1-300x200.jpg 300w, https:\/\/kochklasse-kaiserslautern.de\/wp-content\/uploads\/2020\/05\/online1-400x266.jpg 400w\" sizes=\"(max-width: 500px) 100vw, 500px\" \/>\n\t\t\t<\/div><\/figure>\n\t\t<\/div>\n\n\t<\/div>\n\t<\/div>\n\t<div class=\"pixcode  pixcode--grid  grid\" >\n\t\t\t<div class=\"grid__item six-twelfths palm-one-whole\" >\n\t\t\n<hgroup class=\"pixcode  pixcode--heading article__headline\">\n\t<h2 class=\"headline__secondary\"><span class=\"first-letter\">I<\/span>ch g\u00f6nn mir was!<\/h2>\n\t<h1 class=\"headline__primary\">Kursanmeldung<\/h1>\n<\/hgroup>\n<div class=\"pixcode  pixcode--separator  separator separator--flower separator_color--dark\">&#10043;<\/div>\n\n<p>Hier finden Sie unserer aktuelles Semesterprogramm mit allen Kursen der VHS-Kochschule Kaiserslautern.<\/p>\n<p style=\"text-align: center;\"><a href=\"https:\/\/kochklasse-kaiserslautern.de\/?page_id=332\">zum aktuellen Kursprogramm<\/a><\/p>\n\t<\/div>\n\t<div class=\"grid__item six-twelfths palm-one-whole\" >\n\t\t\n<hgroup class=\"pixcode  pixcode--heading article__headline\">\n\t<h2 class=\"headline__secondary\"><span class=\"first-letter\">W<\/span>ichtige<\/h2>\n\t<h1 class=\"headline__primary\">Infos<\/h1>\n<\/hgroup>\n<div class=\"pixcode  pixcode--separator  separator separator--flower separator_color--dark\">&#10043;<\/div>\n\n<p>Hier finden Sie weitere Informationen zum Thema Anmeldung, Teilnahmegeb\u00fchren und allgmeine Hinweise.<\/p>\n<p style=\"text-align: center;\"><a href=\"https:\/\/kochklasse-kaiserslautern.de\/?page_id=958\">zu den Infos<\/a><\/p>\n\t<\/div>\n\t<\/div>\n\n","protected":false},"excerpt":{"rendered":"<p>&nbsp; &nbsp; &nbsp;<\/p>\n","protected":false},"author":1,"featured_media":982,"parent":0,"menu_order":0,"comment_status":"closed","ping_status":"closed","template":"","meta":[],"_links":{"self":[{"href":"https:\/\/kochklasse-kaiserslautern.de\/index.php?rest_route=\/wp\/v2\/pages\/575"}],"collection":[{"href":"https:\/\/kochklasse-kaiserslautern.de\/index.php?rest_route=\/wp\/v2\/pages"}],"about":[{"href":"https:\/\/kochklasse-kaiserslautern.de\/index.php?rest_route=\/wp\/v2\/types\/page"}],"author":[{"embeddable":true,"href":"https:\/\/kochklasse-kaiserslautern.de\/index.php?rest_route=\/wp\/v2\/users\/1"}],"replies":[{"embeddable":true,"href":"https:\/\/kochklasse-kaiserslautern.de\/index.php?rest_route=%2Fwp%2Fv2%2Fcomments&post=575"}],"version-history":[{"count":66,"href":"https:\/\/kochklasse-kaiserslautern.de\/index.php?rest_route=\/wp\/v2\/pages\/575\/revisions"}],"predecessor-version":[{"id":1441,"href":"https:\/\/kochklasse-kaiserslautern.de\/index.php?rest_route=\/wp\/v2\/pages\/575\/revisions\/1441"}],"wp:featuredmedia":[{"embeddable":true,"href":"https:\/\/kochklasse-kaiserslautern.de\/index.php?rest_route=\/wp\/v2\/media\/982"}],"wp:attachment":[{"href":"https:\/\/kochklasse-kaiserslautern.de\/index.php?rest_route=%2Fwp%2Fv2%2Fmedia&parent=575"}],"curies":[{"name":"wp","href":"https:\/\/api.w.org\/{rel}","templated":true}]}}