{"id":1214,"date":"2020-05-03T15:55:55","date_gmt":"2020-05-03T15:55:55","guid":{"rendered":"http:\/\/inhalt.kochklasse-kaiserslautern.de\/?page_id=1214"},"modified":"2020-05-03T15:55:55","modified_gmt":"2020-05-03T15:55:55","slug":"open-air-grill-smoker","status":"publish","type":"page","link":"https:\/\/kochklasse-kaiserslautern.de\/?page_id=1214","title":{"rendered":"Open Air \u2013 Grill &#038; Smoker"},"content":{"rendered":"<p>&nbsp;<\/p>\n<p><strong>In unserem VHS Garten laden wir ein zum Winter- und Sommergrillen<\/strong><\/p>\n<p>Grillen ist mehr als Essen. Grillen ist eine Passion, in der sich Leidenschaft, Genuss und das Gef\u00fchl f\u00fcr frische Zutaten miteinander verbinden. An unseren Grillevents erwarten Sie regelm\u00e4\u00dfig neue Themen. Wir stellen zum einen aktuelle Trends rund ums Grillen vor, zum anderen erhalten Sie die M\u00f6glichkeit, besondere Fleischarten oder Cuts auszuprobieren.<\/p>\n<p>&nbsp;<\/p>\n\t<div class=\"pixcode  pixcode--grid  grid\" >\n\t\t\t<div class=\"grid__item six-twelfths palm-one-whole\" >\n\t\t\n<div id='gallery-1' class='gallery galleryid-1214 gallery-columns-1 gallery-size-full'><figure class='gallery-item'>\n\t\t\t<div class='gallery-icon landscape'>\n\t\t\t\t<a data-title=\"event-grillen\" data-alt=\"\" href='https:\/\/kochklasse-kaiserslautern.de\/wp-content\/uploads\/2020\/05\/event-grillen.jpg'><img width=\"500\" height=\"345\" src=\"https:\/\/kochklasse-kaiserslautern.de\/wp-content\/uploads\/2020\/05\/event-grillen.jpg\" class=\"attachment-full size-full\" alt=\"\" decoding=\"async\" loading=\"lazy\" srcset=\"https:\/\/kochklasse-kaiserslautern.de\/wp-content\/uploads\/2020\/05\/event-grillen.jpg 500w, https:\/\/kochklasse-kaiserslautern.de\/wp-content\/uploads\/2020\/05\/event-grillen-300x207.jpg 300w, https:\/\/kochklasse-kaiserslautern.de\/wp-content\/uploads\/2020\/05\/event-grillen-400x276.jpg 400w\" sizes=\"(max-width: 500px) 100vw, 500px\" \/><\/a>\n\t\t\t<\/div><\/figure>\n\t\t<\/div>\n\n<p>&nbsp;<\/p>\n<p><strong>Hier einige Beispiele f\u00fcr unsere Event-Themen:<\/strong><\/p>\n<p>+ Rehr\u00fccken &amp; Co. &#8211; Wildfleisch grillen<br \/>\n+ Die besten Cuts vom Schwein<br \/>\n+ Cuts vom Rind: Porterhouse, T-Bone, Ribeye etc.<br \/>\n+ Beer-Butt-Chicken und sonstiges Gefl\u00fcgel<br \/>\n+ Burger &amp; Mehr<br \/>\n+ Es muss nicht immer Fleisch sein &#8211; Vegetarisch grillen<br \/>\n+ und viele andere<\/p>\n<p><strong>Kontakt f\u00fcr Anfragen:<\/strong><\/p>\n<p>Susanne Zens<br \/>\nTelefon 0631 36258-13<br \/>\nsusanne.zens@vhs-kaiserslautern.de<\/p>\n<p><strong>Infos<\/strong><\/p>\n<p>max. 10 Teilehmer<br \/>\nTermine: siehe VHS-Programm<br \/>\nab 57,- pro Person<\/p>\n<p>&nbsp;<\/p>\n<p>&nbsp;<\/p>\n\t<\/div>\n\t<div class=\"island grid__item six-twelfths palm-one-whole\" >\n\t\t\n<hgroup class=\"pixcode  pixcode--heading article__headline\">\n\t<h2 class=\"headline__secondary\"><span class=\"first-letter\">P<\/span>assion<\/h2>\n\t<h1 class=\"headline__primary\">Grillen<\/h1>\n<\/hgroup>\n<div class=\"pixcode  pixcode--separator  separator separator--flower separator_color--dark\">&#10043;<\/div>\n\n<p>Grillen, genie\u00dfen und dinieren Sie in gem\u00fctlicher Runde<br \/>\nunter freiem Himmel. Lernen Sie zum Beispiel Fleisch zu<br \/>\nparieren und auf dem Grill zuzubereiten. Unsere Experten<br \/>\nf\u00fchren Sie in die Kunst des Grillhandwerkes ein.<br \/>\nSie erhalten Einblicke in verschiedene Grillmethoden, eine Pr\u00e4sentation von regionalem Zutaten sowie wertvolle Tipps und fachm\u00e4nnisches Wissen zur Zubereitung. Jedes unserer Events hat in der Regel ein \u00fcbergeordnetes Thema.<\/p>\n<p>Unser Angebot f\u00fcr Grill-Freunde:<\/p>\n<p>+ Vorspeisen, Hauptspeisen und Desserts werden jeweils nach Anleitung mit dem Grillmeister vorbereitet und am Grill zubereitet und gemeinsam verspeist<br \/>\n+ Bereitstellung aller ben\u00f6tigten Lebensmittel, Kochzutaten sowie Kochutensilien<br \/>\n+ Warenkunde, Grilltipps von und Fragen an unsere Grillmeister<br \/>\n+ Jeder Teilnehmer erh\u00e4lt eine VHS-Grillsch\u00fcrze zum Anziehen beim Grillevent<\/p>\n\t<\/div>\n\t<\/div>\n\n","protected":false},"excerpt":{"rendered":"<p>&nbsp; In unserem VHS Garten laden wir ein zum Winter- und Sommergrillen Grillen ist mehr als Essen. Grillen ist eine Passion, in der sich Leidenschaft, Genuss und das Gef\u00fchl f\u00fcr frische Zutaten miteinander verbinden. An unseren Grillevents erwarten Sie regelm\u00e4\u00dfig neue Themen. Wir stellen zum einen aktuelle Trends rund ums Grillen vor, zum anderen erhalten [&hellip;]<\/p>\n","protected":false},"author":1,"featured_media":1116,"parent":321,"menu_order":0,"comment_status":"closed","ping_status":"closed","template":"","meta":[],"_links":{"self":[{"href":"https:\/\/kochklasse-kaiserslautern.de\/index.php?rest_route=\/wp\/v2\/pages\/1214"}],"collection":[{"href":"https:\/\/kochklasse-kaiserslautern.de\/index.php?rest_route=\/wp\/v2\/pages"}],"about":[{"href":"https:\/\/kochklasse-kaiserslautern.de\/index.php?rest_route=\/wp\/v2\/types\/page"}],"author":[{"embeddable":true,"href":"https:\/\/kochklasse-kaiserslautern.de\/index.php?rest_route=\/wp\/v2\/users\/1"}],"replies":[{"embeddable":true,"href":"https:\/\/kochklasse-kaiserslautern.de\/index.php?rest_route=%2Fwp%2Fv2%2Fcomments&post=1214"}],"version-history":[{"count":2,"href":"https:\/\/kochklasse-kaiserslautern.de\/index.php?rest_route=\/wp\/v2\/pages\/1214\/revisions"}],"predecessor-version":[{"id":1216,"href":"https:\/\/kochklasse-kaiserslautern.de\/index.php?rest_route=\/wp\/v2\/pages\/1214\/revisions\/1216"}],"up":[{"embeddable":true,"href":"https:\/\/kochklasse-kaiserslautern.de\/index.php?rest_route=\/wp\/v2\/pages\/321"}],"wp:featuredmedia":[{"embeddable":true,"href":"https:\/\/kochklasse-kaiserslautern.de\/index.php?rest_route=\/wp\/v2\/media\/1116"}],"wp:attachment":[{"href":"https:\/\/kochklasse-kaiserslautern.de\/index.php?rest_route=%2Fwp%2Fv2%2Fmedia&parent=1214"}],"curies":[{"name":"wp","href":"https:\/\/api.w.org\/{rel}","templated":true}]}}